MONTHLY CLIMATOLOGICAL SUMMARY for JUL. 2017

NAME: Meteoarco   CITY: Bolognano di Arco STATE: Italy
ELEV: 118 LAT: 45:54:43 N LONG: 10:54:01 E

                            TEMPERATURE ( C), RAIN (mm), WIND SPEED (kmh)

                                                 HEAT     COOL           AVG
      MEAN                                       DEG      DEG            WIND                        DOM
DAY   TEMP    HIGH   TIME      LOW     TIME      DAYS     DAYS   RAIN    SPEED    HIGH    TIME       DIR
----------------------------------------------------------------------------------------------------------------------------------------------------------
01    19.2    26.8   16:17    12.6   07:08     00.0     00.9    00.0   03.8     38.9    14:08     SSW
02    20.6    28.2   18:20    14.0   06:35     00.0     02.3    00.0   01.8     22.2    14:19      S 
03    23.3    29.7   16:31    16.0   07:10     00.0     05.0    00.0   03.0     27.8    16:43     SSW
04    24.1    28.6   16:10    17.8   06:32     00.0     05.8    00.0   04.7     37.0    16:10     SSW
05    24.2    30.1   15:51    19.2   22:49     00.0     05.9    14.2   03.9     40.7    19:40      S 
06    25.0    31.8   19:03    18.2   06:20     00.0     06.7    00.0   01.6     18.5    14:39      S 
07    25.4    32.4   15:49    20.1   06:39     00.0     07.1    02.0   01.7     18.5    16:31      S 
08    27.0    33.3   18:00    21.0   06:34     00.0     08.7    06.6   03.3     38.9    23:50      S 
09    25.2    31.9   16:05    18.8   06:00     00.0     06.9    00.2   02.8     24.1    00:04     SSW
10    24.9    29.9   17:15    19.3   06:55     00.0     06.6    14.4   04.5     31.4    14:47      S 
11    23.3    29.2   14:53    17.8   06:42     00.0     05.0    00.2   04.5     42.5    18:25      S 
12    23.9    28.9   17:55    17.7   06:40     00.0     05.6    00.0   05.1     35.1    15:52     SSW
13    25.7    32.2   13:13    19.8   07:42     00.0     07.4    00.0   04.2     31.4    16:09     SSW
14    22.2    26.1   11:48    18.7   07:49     00.0     03.9    08.6   03.0     31.4    13:46      S 
15    23.8    30.1   12:48    17.3   06:02     00.0     05.5    00.0   02.6     27.8    23:37     SSW
16    22.4    27.3   17:05    15.3   08:01     00.0     04.1    00.0   06.2     38.9    18:02      S 
17    22.5    28.6   17:11    15.2   06:40     00.0     04.2    00.0   03.8     27.8    18:40     SSW
18    24.4    30.6   15:34    17.7   06:51     00.0     06.1    00.0   04.7     38.9    17:16     SSW
21    26.2    32.1   16:20    18.1   07:45     00.0     07.9    00.0   03.7     33.3    18:18     SSW
22    26.4    31.6   14:16    21.6   06:28     00.0     08.1    00.0   03.6     25.9    17:49     SSW
23    26.1    31.6   15:34    20.2   07:05     00.0     07.8    00.0   05.1     38.9    18:03      S 
24    20.9    26.3   00:10    16.5   23:50     00.0     02.6    13.6   03.1     38.9    05:25     NNE
25    19.8    27.8   14:46    13.7   06:38     00.0     01.5    03.4   01.4     22.2    15:23      SE
----------------------------------------------------------------------------------------------------------------------------------------------------------
23.8 (23.7)   33.3  day 08     12.6  day 01   000.0    125.6   063.0   03.6     42.6   day 24     SSW
Max >=  30: 11
Max Rain: 14.4 ON 10-07-17
Days of Rain: 9 (> .2mm) 6 (> 2mm) 0 (> 20mm)